is the value of (-3 - -6) + (8 + 6 + -15 - -5)?
7
Calculate (22 - 11) + (-3 - 9).
-1
-1 + -39 + (96 - 87)
-31
5 + 1 - (-3 - (-25 - -19))
3
Evaluate 10 + -11 + 7 - 28 - -6.
-16
What is -15 - (-27 - -29 - 17)?
0
Calculate -12 - (3 - -12 - 31).
4
Calculate 5 + -4 - (-1 - 4).
6
Evaluate 27 - (26 + -20 + 24).
-3
2 + 8 + -11 + (5 - 16)
-12
Calculate (-4 + -7 - (4 + -6)) + 16 + -27.
-20
Evaluate (8 - (-9 + 11 + 6)) + -7.
-7
(-17 - -2 - -8) + 31
24
What is the value of (3 - 1 - 1) + (317 - 326) + 10?
2
What is the value of -15 + (-11 + 2 - -36) - -13?
25
What is the value of (2 - (10 + -24)) + -4?
12
-3 - (-9 + -3 + (1 + 5 - 5))
8
Evaluate (5 - -2) + (7 - 7 - 8) + 8.
7
Evaluate (0 - -7) + 8 + -2 + -19.
-6
What is 2 + (0 + (7 + -9 - -6) - 17)?
-11
Evaluate 59 + -51 + (1 - -8).
17
28 + 16 + -44 + -14
-14
Calculate 20 + -7 + 3 + (8 - (4 - -7)).
13
What is -1 + 7 - (-40 - (15 + 11 + -46))?
26
Evaluate 5 + -9 - (-22 + (-1 - -27)).
-8
-118 + 18 + 36 - -36
-28
-9 - (-13 - 1) - 14
-9
Evaluate (3 - 6) + 5 - (-14 + 19).
-3
What is 37 - (-22 - -94) - -74?
39
(-6 - (6 + -6)) + (-1 - (5 + 11))
-23
What is the value of (2 - 19 - -2) + -7 + -3?
-25
Calculate 10 + -4 + 1 + 0 - 2 - -1.
6
Evaluate -4 + 9 + (155 - 180).
-20
Calculate (4 - -1) + (-6 - 1) + (2 - 1).
-1
What is (21 - 29 - 21) + 18?
-11
Calculate 6 + -3 + 1 - (-131 + 129).
6
(53 - 70) + 46 + -1 + 7
35
40 + -46 + (11 - 0) - 9
-4
Evaluate -4 + 9 - 12 - -11.
4
Evaluate -7 - (-3 - (7 - 2 - (-33 - -42))).
-8
Calculate 0 - 0 - 24 - (1727 + -1736).
-15
Calculate 22 + 33 + -53 - (-1 + 2 - 13).
14
Calculate (-6 - (17 - 0)) + 25.
2
What is 47 + -48 + 18 + (0 - (-2 + 1))?
18
What is the value of (-10 - -14 - -10) + -23?
-9
What is the value of -20 - (-19 - (-10 + 2))?
-9
12 + 23 + -29 + 1
7
What is the value of 14 + (-16 + 8 - -4) + -12?
-2
Calculate -8 - 1 - -4 - (8 - 13).
0
What is the value of -75 + -40 + 28 + 58?
-29
What is the value of -20 + (32 - 29) - (1 + 1) - -1?
-18
What is (-3 - -21) + -3 + (-9 + 3 - -1)?
10
Evaluate 4 - 0 - (-341 - -338).
7
Evaluate -84 - -61 - ((0 - -4) + -9).
-18
What is (6 - (-6 + 11 + 0)) + 15 + -5?
11
What is the value of -7 + 1 + (-5 - -21) - (0 + 2)?
8
1 + -1 - (-56 + 57 + (-7 - -4))
2
12 - (-41 + 55 - (10 - -3))
11
What is the value of 6 + (-41 + 37 - (0 - (5 + 1)))?
8
Evaluate (-59 - -55 - (1 + 1)) + -11 + 0.
-17
What is -16 + (17 - 6) - 3?
-8
What is the value of -17 + (9 - 13) + 14?
-7
Calculate 54 + -38 - (3 + -2 - 1).
16
-40 - ((-13 - -25) + -24)
-28
Calculate -10 + (-8 + 33 - 35).
-20
What is -3 + (-1 - 5) - -3 - (-3 + -2)?
-1
What is the value of -7 - (-2 + (0 - (-5 - (-1 - 4))))?
-5
What is -1 + 1 + -98 + 100?
2
Evaluate (28 - 25) + (-1 - (4 + -10)) + 10.
18
What is -8 - (8 - 1 - (2 + 12))?
-1
Evaluate (8 - (-1 - -1 - 1)) + 3952 + -3950.
11
What is the value of -49 + (-21 - -63) - -18?
11
Evaluate 15 + -8 + (0 - (0 - 9)).
16
Calculate 12 - (2 + 1) - (11 + 10).
-12
Evaluate (2 - 15) + 9 - -7 - -5.
8
Evaluate -1 + 7 + 19 + (2 - 30).
-3
Calculate 1 - (-4 - -11 - 0 - -1).
-7
-24 + 25 + -34 + 5
-28
What is the value of -7 - -3 - (12 - 23) - -1?
8
Evaluate 4 + (-9 - (-13 + 19)).
-11
Evaluate 1 - 16 - (4 + 0 + -212 + 206).
-13
What is -2 + -19 - (-12 + -8 + 13)?
-14
What is the value of 3 + (-6 - (3 - 13))?
7
What is the value of (-9 - -4) + (-13 + -4 + 6 - 3)?
-19
317 + -343 + (1 - 1)
-26
2 + (-20 - 2) + 0 + 7
-13
Evaluate -12 - ((-10 - -1) + -49 + 56).
-10
Evaluate -65 + 44 + 6 + (-1 - -4).
-12
Evaluate (62 - 48) + (2 - 23).
-7
What is 6 + -2 + (8 + -3 - -3 - 8)?
4
Evaluate 0 + 7 + -101 + 102.
8
26 + (-1 + 16 - 31)
10
What is the value of 1 + -2 - -1 - (14 + -7)?
-7
Evaluate (-33 - 0) + -607 + 636.
-4
Evaluate 4 + (5 - 0) + (22 - 24).
7
What is the value of -4 + 2 + (4 - (-4 - -2)) + 3?
7
What is the value of -49 + 1 + 726 + -645?
33
Calculate 1 - ((-10 - (-2 - 2)) + -7) - -7.
21
What is the value of 1 + 2 - (-7 - (-13 - 1 - -1))?
-3
Calculate 30 - -11 - 22 - 28.
-9
What is the value of -5 + (6 - 8) + (5 - -10)?
8
Evaluate (28 + (-7 - -2) - 2) + -5 + -2.
14
Evaluate (-5 - -1) + 21 - -3 - (39 + -39).
20
-2 + (-11 - -6 - 23) + 1 + 10
-19
What is the value of 1 + 5 - (330 + -327)?
3
Evaluate -6 + (-13 - -8) + 10 + -2 + 13.
10
Calculate 4 + 14 + 10 - (33 - 16).
11
Evaluate 16 + -1 - (-22 - -2 - -22).
13
Evaluate (7 - 2 - (-5 + -1 - -19)) + 0.
-8
Calculate 1 + (-11 - -15) - -10.
15
Calculate -12 + 1 + (1 + -3 - (0 + -1)).
-12
Evaluate 26 - 0 - (-99 - -126).
-1
What is 1 + -6 + -1 + (-32 - -3) + 25?
-10
-17 - (-7 + (2 - 19))
7
What is the value of -38 + -1 - (-1279 - -1275)?
-35
6 + -23 + 16 + 7
6
-3 + (3 - (-9 - (6 + -4))) + -10
1
Calculate (13 - 4) + (-5 - 3) + 4.
5
(-6 - (14 + -8 - 10)) + 7
5
Evaluate 11 + (-10 - (-14 - (1 + -9))).
7
(2 - 1 - (15 - 7)) + -3 + -8
-18
What is the value of (7 - -21) + -20 - (2 - -11)?
-5
What is 6 + (6 + -25 - -10)?
-3
What is -38 - (-34 + (-33 - -8))?
21
Evaluate (27 - (-29 + 64)) + -5 + 3 + -1.
-11
What is the value of -12 + -12 + (-8 - -42)?
10
What is -53 - (-28 + (1 - 1))?
-25
What is the value of -36 + 63 - (0 - (3 + -6) - 8)?
32
What is 7 + (-30 - -11 - -5) + 7?
0
Calculate (0 - 5) + 14 + (-14 - -3).
-2
What is (6 - 11) + 32 + -30?
-3
What is (-8 - 8) + 11 + -12 - (-1 + 2)?
-18
What is the value of 2 + (-5 - (-20 + 13))?
4
What is the value of 2 + (2 - -1) - (31 + -31) - 0?
5
Calculate -10 + -9 + -5 + 13 + 0.
-11
(34 + -42 - -42) + 7
41
Calculate (-1 - -3) + -6 + 5 + 12.
13
What is the value of 0 - -18 - (-108 - -115)?
11
What is the value of 0 + (15 + -7 + -4 - -6)?
10
-4 + 3 - (90 + -87)
-4
Evaluate 101 - 111 - (1 - -8) - -11.
-8
(-126 - -121) + (0 - -1)
-4
Calculate (-5 + -4 - -3) + (-131 - -136).
-1
What is the value of -18 - (-7 - 7) - 10?
-14
Calculate 23 + -36 - (8 + 5 + -22).
-4
Calculate 0 + -8 + (11 - (25 + -29)) + 5.
12
Calculate (-11 + 4 - -7) + 5 + 0 + -1.
4
What is -20 + (-5 + 9 - -12)?
-4
What is the value of (1 - -1) + 0 + -8 + 1 + 5?
0
What is the value of 2 - (12 - (6 + 11 + -6))?
1
2 + (14 - (-5 - (-28 - 15)))
-22
Evaluate -5 - ((-5 - (-5 + 3) - -6) + -3).
-5
(12 - -1) + -34 + 9 - 6
-18
Evaluate 37 - (-6 + 19 - -30).
-6
What is the value of -42 - ((-3 - -21) + -32)?
-28
Evaluate 43 + (18 - 41) - (16 - 4).
8
What is the value of (-10 - -4) + (19 - 3) - 8?
2
Calculate (1 - -4 - (1 + -9 + 8)) + -9.
-4
Calculate 2 - 15 - -16 - (-2 - (-3 - -2)).
4
What is 16 + -30 + (6 - -20)?
12
-23 + (-2 - ((-1 - 3) + 4)) - 8
-33
Evaluate 0 + -19 + 97 + -31 + -11.
36
What is the value of (-4 - (-9 + 25)) + 13 + 1 + -6?
-12
What is the value of (-18 - -23) + 40 + (-1 - -7) + -14?
37
Calculate 16 + 0 + -30 - -23.
9
3 + -1 + (-6 - (-16 - (-13 - -5)))
4
What is -2 + (6 - (-3 + 1)) + -8?
-2
(-5 + 15 - -2 - -3 - 8) + -8
-1
What is the value of 22 + -22 + 14 + 14?
28
What is 18 - (26 + -25 + -7 + -2)?
26
Calculate 3 + -7 - (-6 - -7) - (-4 + 0).
-1
What is the value of -89 - -95 - (14 - 2)?
-6
What is -18 + (13 + -9 - -5) - -15?
6
Calculate (3 + -9 - (-14 + 11)) + 0.
-3
What is the value of -29 - 1 - (232 - 250)?
-12
What is the value of 13 + 0 - (-55 + 20 + 54)?
-6
7 + ((6 - (0 + 8)) + 7 - 1)
11
Calculate 12 - 2 - (-16 - -28).
-2
19 + -5 - 5 - (-161 + 154)
16
What is 23 + 13 + -17 + -5 + 1?
15
Evaluate -5 + (-6 - -10 - -17) + -8.
8
Evaluate -11 + 8 - (7 + (-4 - 1)).
-5
Evaluate -5 + (6 - (10 + (2 - (-12 + 5)))).
-18
What is 11 + (13 - (19 + 2))?
3
Evaluate -2 + (-2 - -5) + (2 + 11 - 2).
12
-15 + 1 + -40 + 72 + 17
35
What is the value of (-14 - -16 - -22) + -13?
11
Calculate 54 + 0 + 330 + -342 + -7.
35
-12 - (-5 - (-4 + 6 - -2))
-3
Evaluate 0 - -14 - (14 + -6).
6
What is the value of -2 + (-9 - -31) + -8?
12
What is (7 - 5) + (-7 - -11) - (-15 + 60)?
-39
What is (-6 - (-1 + 12) - -17) + 34?
34
What is the value of 0 + -7 + 12 + -8 - (36 - 35)?
-4
Calculate ((-11 - -17) + -1 - -1) + 18.
24
What is the value of (5 + -11 - -11) + (-7 - -4 - -15)?
17
-4 + 9 + (-6 - (-4 - -2))
1
What is (-8 - -1) + -5 + (0 - -18) - 1?
5
Evaluate -18 + 12 + -4 + 2.
-8
What is the value of 6 + 2 + -9 + 8 - 9?
-2
(12 + 26 - (4 - 0)) + 0 - 6
28
What is the value of (-22 - -16) + 8 + -6?
-4
Calculate -3 + -10 + (-12 - -12 - -14).
1
What is -1 + 1 + -3 + (-11 - -8)?
-6
What is the value of 32 + -16 + -13 + 7?
10
Evaluate -1 + 1 - 6 - (7 - 5).
-8
What is the value of 0 - 5 -